4 = -3*n - 4*o, -n + o = 3*n + 1. Suppose -7*u + 2*u + 840 = n. What is the highest common divisor of u and j?
24
Suppose 4*x = y + 16, 3*y + x = -9 - 26. Let o = 73 - y. Calculate the greatest common factor of o and 17.
17
Let p = 467 + -305. What is the highest common factor of p and 108?
54
Suppose -j + 2*j - 5*c - 30 = 0, 0 = j + 4*c - 12. Suppose 0 = 5*q - 3*g - 115, -q + 19 = -5*g - 26. What is the greatest common divisor of j and q?
20
Suppose -5 = 7*w - 8*w. Suppose 0 = -w*c, 5 - 86 = -3*g + c. Calculate the greatest common divisor of 189 and g.
27
Suppose 2*p - 38 = 4*m - 7*m, -5*p - 2*m = -84. Suppose 4*r - 17 = -61. Let s = p + r. What is the highest common divisor of 1 and s?
1
Let p(z) = z**3 - 13*z**2 + 7*z + 11. Let h be p(10). Let t = h + 98. Let f = t + 191. Calculate the greatest common divisor of 10 and f.
10
Suppose -6*t + 7*t - 4 = 0. What is the greatest common factor of 40 and t?
4
Let z = 20 - 11. Suppose 3*i + 2*m = 8, 5*i - 3*m - 1 = 6. Suppose 4*a = 3*f + 5*a - 238, i*a + 10 = 0. Calculate the greatest common divisor of f and z.
9
Let v be 12480/(-144)*(-7)/((-14)/(-12)). What is the highest common factor of v and 65?
65
Suppose -2969 - 199 = -22*o. Calculate the highest common divisor of 126 and o.
18
Let m(r) = 2*r**2 - 17*r + 55. Let s be m(4). Calculate the greatest common divisor of s and 513.
19
Let g be -1*(12/6 + -3). Calculate the greatest common divisor of g and 1.
1
Let k = 508 + -442. What is the greatest common divisor of 33 and k?
33
Suppose 0 = f - 319 + 99. Suppose -8*j + 4*j + f = 0. Suppose j = 3*k - 77. Calculate the greatest common divisor of k and 110.
22
Let g = -285 - -331. What is the highest common divisor of 2 and g?
2
Let z(v) = -3*v - 23. Let q be z(-12). Suppose 4*m = -5 + q. Let f be (m/3)/(10/1215). Calculate the greatest common factor of 27 and f.
27
Let c(j) be the first derivative of -3/2*j**2 + j + 5 - 1/4*j**4 + 7/3*j**3. Let r be c(5). What is the greatest common factor of r and 54?
18
Let n be 2*-1 + (-7 - -14). Suppose -4*z + 20 = g, 6*g - g - 5*z = 0. Let v be 6/16*g*30. Calculate the highest common factor of v and n.
5
Suppose 3*x + 5*g - 247 = 0, -4*g = -5*x - g + 355. Let r = x + 10. Calculate the highest common factor of r and 21.
21
Let j(w) be the second derivative of -117*w**5/10 - w**4/12 - w**3/6 + 6*w. Let b be j(-1). What is the greatest common divisor of b and 26?
26
Suppose 12*g = 13*g - 2. Let w be ((-14)/g - -2) + 48. What is the highest common factor of w and 473?
43
Suppose 4*q - 18 = 6. Let a be -2 + q - (-3)/3. Suppose 2*j + a*x = 16, -106 = -5*j + x + 3*x. What is the highest common factor of j and 6?
6
Let a = 15 - 10. Let d(h) = -h**3 + 2*h**2 - 5*h + 5. Let q be d(4). Let c = 48 + q. Calculate the greatest common divisor of a and c.
1
Suppose 0 = 2*j - 6*j + 28. Let b be (11/((-33)/2))/((-1)/105). Suppose s - b = 7. What is the highest common factor of j and s?
7
Let y(b) = 6*b**3 + 2*b**2 + b - 2. Let c be y(2). Suppose 0 = -7*w + 1313 - 1089. Calculate the highest common factor of c and w.
8
Let b = -2850 + 2864. Let l be ((-6)/4)/(3/(-28)). Calculate the highest common divisor of b and l.
14
Let v be -6*-1*1/3. Let q = 1 - -15. What is the greatest common divisor of v and q?
2
Let s be 2/(50/48 - 1). Suppose 18 = 2*c + 2*q, -21 = -c - 72*q + 67*q. Calculate the highest common divisor of s and c.
6
Let z(r) = 2*r + 31. Let i(s) = 2*s + 31. Let q(g) = 2*i(g) - 3*z(g). Let b be q(-19). What is the highest common divisor of 7 and b?
7
Let i(t) = -27*t + 10 + 80*t - 42*t. Let f be i(3). Calculate the highest common factor of 43 and f.
43
Suppose -6*n = -756 - 396. Suppose -n = -24*s + 20*s. Let v = -16 - -22. What is the highest common factor of v and s?
6
Suppose -80 = -3*w - 2*w. Let d(f) = f**3 - 17*f**2 + 15*f + 22. Let r be d(w). Let v be 9/r*(5 - -1). What is the highest common factor of v and 99?
9
Let n be (6/(-15))/(3/15). Let k be -16 + -2 + n + 2. Let q be (9/27)/((-2)/k). Calculate the highest common factor of q and 21.
3
Let w(f) = -87*f + 27. Let y be w(-1). What is the highest common divisor of 418 and y?
38
Let q = -305 + 350. Let b be 4/6*45/6. What is the highest common divisor of b and q?
5
Suppose 1151 = 4*v - 3*o + 98, -3*o = -2*v + 531. What is the greatest common factor of v and 27?
9
Let x(h) = 2*h**3 + 11*h**2 - 34*h - 150. Let j be x(-5). Suppose -15 = 2*v - 5*v. Calculate the highest common divisor of j and v.
5
Suppose -196 = -8*a - 4. Calculate the highest common divisor of 16 and a.
8
Let n(w) = 4*w - 5. Let x be n(5). Calculate the greatest common factor of x and 135.
15
Let y be (((-1848)/35)/4)/((-2)/5). Let d be (-11)/y + (-55)/(-3). Calculate the greatest common divisor of d and 234.
18
Suppose -3159 = s - 3163. Suppose 102 + 42 = 4*y. Suppose 2*r = -r + y. Calculate the greatest common factor of r and s.
4
Let u be (2/(-5))/((-13)/65). Let t be ((-1225)/49)/((-3)/u + 1). What is the highest common divisor of 75 and t?
25
Let l be -39 - -36 - (-2 + -937). Calculate the greatest common divisor of 72 and l.
72
Let j(b) = 75*b - 145. Let a be j(3). What is the highest common divisor of 90 and a?
10
Let j(x) = -2*x**3 - x - 1. Let v be j(-3). Let q = -11 + 14. Let h = 81 + q. What is the greatest common factor of v and h?
28
Let x be (-2 + (-16)/(-12))*63/(-6)*4. Let u = 82 + -54. What is the greatest common divisor of x and u?
28
Let i(v) = -2*v**2 + 20*v - 9. Let o be i(9). Suppose o*j + x + 55 = 11*j, 0 = -2*j - 5*x + 61. Calculate the highest common factor of 308 and j.
28
Suppose 4*f = 0, 4*f + 203 = -5*x + 828. What is the highest common factor of 100 and x?
25
Let s(d) be the first derivative of d**4/4 + 7*d**3/3 - 5*d**2 - 39. Let w be s(-8). What is the highest common divisor of 88 and w?
8
Let n = -227 - -401. Calculate the greatest common divisor of 116 and n.
58
Suppose 13 = 4*y - 43. Suppose -5*n - 20 + 260 = 0. Let q = -27 + n. Calculate the highest common factor of y and q.
7
Suppose -1024 = -4*r + 1200. Calculate the highest common factor of 4 and r.
4
Let g = -14 + 15. Let r be (-18)/(-3) + -1*g. Suppose -70 = -7*v + 5*v. Calculate the greatest common factor of r and v.
5
Let r = 57 - 26. What is the greatest common divisor of r and 496?
31
Let p = -68 + 70. Suppose -n - 1 = -p. Calculate the highest common divisor of 8 and n.
1
Suppose -13*l + 75 = -8*l. Let h be 116/3 - ((-80)/l)/(-8). Let n(s) = -s + 19. Let c be n(0). Calculate the greatest common factor of h and c.
19
Let a = -292 - -413. Calculate the greatest common divisor of a and 33.
11
Let v = 97 + -108. Let k(s) = s**3 + 11*s**2 - s - 8. Let l be k(v). What is the highest common factor of 1 and l?
1
Suppose 4*u = 26 + 82. Suppose 0 = -2*r - 5*v - 2, -5*r + 0*v = -2*v - 53. Calculate the greatest common factor of r and u.
9
Suppose 0 = -3*s, -35 - 55 = -3*y + 2*s. Calculate the highest common factor of 120 and y.
30
Let w be ((-2 - 7)/(-3))/(2/86). Calculate the greatest common divisor of w and 43.
43
Let f = 137 + -137. Let n be (2 + f)/((-6)/(-78)). Calculate the greatest common divisor of n and 39.
13
Suppose -p = -6 + 1. Suppose -p*h + 2*h + 9 = q, 2*h = 8. Let i be 199 - (4 - (0 - q)). What is the highest common divisor of i and 22?
22
Let t be (25/(-20))/(26/(-104)). Let z(u) = 2 - 9*u + 0 + 0*u. Let p be z(-2). Calculate the highest common factor of t and p.
5
Let g(i) = i**3 + 24*i**2 + 44*i + 65. Let x be g(-22). What is the highest common factor of x and 273?
13
Suppose -58*g = -109*g + 56*g - 240. Let h be 71 + 1 + -1 - -1. Calculate the highest common divisor of h and g.
24
Let y(l) = -3 - 2 + 4 + 2 - 3*l. Let h be y(-4). Let s = 33 - h. What is the highest common factor of 60 and s?
20
Let f(m) = 3*m**2 - 96*m - 83. Let d be f(33). Let u = -6 + 11. Let x = -3 + u. Calculate the highest common factor of x and d.
2
Suppose 5*l - 17 = 3*p, -4*l + 5*p = -16 + 5. Let o(v) = v**2 - v + 2. Let f be o(l). Suppose 0 = g + f - 68. What is the greatest common divisor of g and 18?
18
Suppose -2*c + 3*c = -1. Let v(t) = -2*t**2 + 4*t. Let w be v(-2). Let a be c/(-3)*(w - -259). Calculate the greatest common factor of 27 and a.
27
Suppose -3*h + 15*s + 187 = 14*s, 114 = 2*h + 2*s. What is the greatest common divisor of 1 and h?
1
Let i be -1*5*1